Let p(a) be the third derivative of -a**4/12 - 2*a**3 - 19*a**2 + 2*a. Calculate p(-6).
0
Let a = -87 + 49. Let l = a - -44. Let o(y) = y**3 - 7*y**2 + 6*y. Determine o(l).
0
Let h(u) = -2*u + 1 + 0*u - 4. Suppose 420*p = 430*p + 97 - 37. What is h(p)?
9
Let c = -441 + 446. Let t(s) = 2*s - 15. What is t(c)?
-5
Suppose -622*x = -632*x + 50. Let j(k) be the second derivative of -k**3/6 + k**2 + 2*k. Calculate j(x).
-3
Let a(q) = -q**3 + 6*q**2 + q + 2. Let r(x) = -2*x**3 - 21*x**2 - 31*x - 31. Let u be r(-9). Determine a(u).
32
Let w(h) be the third derivative of -h**5/60 - 7*h**4/24 + 3*h**3/2 - 92*h**2. Calculate w(-7).
9
Let k = -6 + 18. Let j(o) = k + 2*o**3 - 7 + 0*o + 2*o**2 - 4 + 3*o. Determine j(-2).
-13
Let k(c) = c**3 + 4*c**2 - 5*c + 1. Suppose -2*v + 12 = -8*v. Let a be v/(-12) - (-100)/(-24). Give k(a).
21
Suppose 58 = 69*w + 127. Let g(n) = 2*n**2 - 3*n - 3. What is g(w)?
2
Let p(u) = -2*u**3 - 6*u**2 + 6*u + 13. Let m(z) = 3*z**3 + 5*z**2 - 6*z - 12. Let n(i) = 3*m(i) + 4*p(i). What is n(8)?
0
Let a(s) = -s**2 - 31*s**2 - 6*s + 17*s**2 + s**3 - 6 + 6*s**2. What is a(10)?
34
Let l(g) = -27*g. Let h be l(0). Let u(o) be the second derivative of 4*o + 1/20*o**5 - 7/6*o**3 - 1/3*o**4 + h + 5/2*o**2. Determine u(5).
-5
Let q(v) = -6*v + 4. Suppose 2*m + 6 = 8. Let f be ((-1)/4)/(m/(-12)). Calculate q(f).
-14
Suppose -j = -l + 10, 5*l = 115*j - 111*j + 45. Let n(a) = a + 11. Calculate n(j).
6
Let t(r) = -3*r - 3. Let p be (-40 - -4) + 9/(-1). Let z = 2 - -42. Let u be z/(-10) + (-18)/p. What is t(u)?
9
Let k(m) = -5*m**3 + 111*m**2 + 14. Let h(z) = -z**3 + 21*z**2 + 3. Let f(s) = -11*h(s) + 2*k(s). Give f(9).
-5
Let j(m) = -4*m - 2. Let p(x) = 5*x + 3. Let o(z) = 4*j(z) + 3*p(z). What is o(8)?
-7
Suppose -5*i = -5*m + 5, -i - i + 7 = m. Suppose 0 = 10*l - 13*l - 3. Let w(y) = 2*y. Let t(z) = -1. Let u(b) = l*w(b) - 2*t(b). Calculate u(m).
-4
Let r(k) = 3*k**3 + 13*k - 96*k**3 - 15 + 92*k**3 + 9*k**2. Give r(10).
15
Let o(h) = 3*h - 2*h**2 + h - 5 - 10*h + h. Let v(c) = c**2 + 3*c + 2. Let u(m) = -3*o(m) - 5*v(m). Calculate u(0).
5
Let b(j) = -3*j + 1. Let n(y) = y**3 - 3*y**2 - 2*y - 7. Let g be n(4). Let k be (3/(-3) + -4)*(0 - g). Give b(k).
-14
Suppose 6 = -2*a + 4. Let b be 3/(a - (-6)/15). Let u(i) = -9*i + 7*i**2 + 2*i - 2 - 3*i**2 - 1 + i**3. Determine u(b).
7
Let l(k) = k**3 + 15*k**2 + 26*k + 10. Let z be l(-13). Let f(x) = x - 4. Calculate f(z).
6
Let d = -15 - -18. Let o(i) = 1 - d - 2 + 1 - 2*i. Let r = 12 + -18. Determine o(r).
9
Let u(r) = -5*r + 4. Let d be ((-360)/(-1350))/(1/15). Calculate u(d).
-16
Let n(l) = -57*l + 166*l - 57*l - 53*l + 8. Give n(4).
4
Suppose -2*y - 19 = -5*z, -4*y = 4*z - 2*z - 22. Let o(f) = -f**3 + 2*f. Give o(y).
-21
Let a(n) = -4*n**3 - 6*n**2 + 6*n - 1. Let h(s) = -2*s**3 + 2*s. Let c(o) = o**3 - o**2 - o. Let m(g) = c(g) + h(g). Let k(t) = -a(t) + 5*m(t). Give k(1).
0
Let u(q) = -20*q + 8. Let t(h) = 5*h - 2. Let x(p) = -9*t(p) - 2*u(p). Give x(5).
-23
Let m(i) = -i - 1. Let k(g) = 8*g - 4. Let y(v) = -k(v) + 3*m(v). Suppose 7*z - 4*z - 6 = 0. Suppose z*t = 4*u - 10, 4*u - 9 = 4*t - t. What is y(t)?
-10
Let t(g) be the third derivative of 1/12*g**4 - 2*g**2 + 0 + 0*g**3 + 0*g. Suppose 49*j - 46*j - 9 = 0. Give t(j).
6
Let v be -5 + 1 - (-3)/(6 - 3). Let g(n) = -20*n - 1. Let q(w) = -7*w. Let m(z) = 6*g(z) - 17*q(z). Determine m(v).
-3
Let u(j) = -24*j**2 + 31*j - 78. Let k(o) = -13*o**2 + 15*o - 39. Let v(g) = 11*k(g) - 6*u(g). What is v(19)?
1
Let g = 11 + -6. Let r(w) = -g*w + w**3 + 4*w**2 - 5 - w**3 + 0 + w**3. Suppose -4*k = -3 + 23. What is r(k)?
-5
Let v(k) = 16*k**3 + 2*k**2 + k. Let d be (2/2)/(-37 + 36). Calculate v(d).
-15
Let v(n) = 2*n**2 + 3*n + 3. Let t be v(-2). Let r(y) = 4*y**2 - y**3 - 233 + 63 + 174 + 3*y. Calculate r(t).
-6
Let a(q) = 5*q. Let o = 200 - 208. Calculate a(o).
-40
Let y(o) be the first derivative of -o**3 - o**2 - 4*o - 20. Let w(t) = -5*t**2 - 3*t - 8. Let q(j) = -4*w(j) + 7*y(j). Give q(-5).
-11
Let r(w) be the third derivative of -w**4/8 - 2*w**3/3 + 182*w**2. Let p(s) = 4*s**3 - s**2 - s. Let k be p(-1). Give r(k).
8
Let i(y) = -y**2 + 18*y + 206. Let q be i(26). Let r(f) = -3*f**2 - 5*f - 4. Give r(q).
-6
Let r(n) = 4*n - 2. Let m(a) = 8*a - 4. Let k(x) = 4*m(x) - 9*r(x). Suppose 5*v + 2*d - 94 + 92 = 0, -2*v - d = 0. Give k(v).
-6
Let r(u) = u**2 + 15*u + 4. Let f be r(-14). Let c(p) be the first derivative of p**4/4 + 10*p**3/3 + p**2/2 + 495. Determine c(f).
-10
Let l(g) be the third derivative of -g**6/120 - 2*g**5/15 - g**4/12 - g**3 - 2*g**2 - 33. Give l(-8).
10
Suppose -2*s = -7*s. Suppose 6 = -3*f - s*f. Let t(a) be the first derivative of -a**4/4 - 4*a**3/3 - a**2 + 2*a - 2. Calculate t(f).
-2
Suppose 2*r - 10 = 5*m, 10 = 2*r - 4*m - 0*m. Let s = 2 + r. Let u(z) be the third derivative of z**5/60 - 7*z**4/24 + 2*z**3/3 - 339*z**2. Determine u(s).
4
Let y(t) be the first derivative of -t**6/180 + t**5/60 + t**4/12 - 8*t**3/3 - 7. Let b(n) be the third derivative of y(n). Calculate b(3).
-10
Let o(r) = -2*r - 9. Let u = -174 - -61. Let g = u + 106. What is o(g)?
5
Let x(j) = -4*j**2 + 6*j + 19 + 3*j**2 + 5*j. Let z be x(13). Let l(n) = 2*n + 8. Determine l(z).
-6
Let q(h) = -106*h + 368. Let w(i) = -15*i + 55. Let z(f) = 3*q(f) - 20*w(f). Calculate z(-4).
76
Suppose 0 = -6*c + c + 10. Let g(w) = -4*w**2 + w + w**2 + 3*w + 2*w**c. Suppose 0 = 2*t + 4*l - 6, l = 5*t - t - 12. Determine g(t).
3
Let q(w) be the second derivative of 0 + 1/3*w**3 + 3/2*w**2 + 8*w. What is q(-4)?
-5
Let a = 27 - 84. Let g = -60 - a. Let z(h) = h**2 + h. Give z(g).
6
Let u = 8 - 7. Let m be (-2 - -1)*(u - 4). Let c(v) = m + 8*v - 5*v + 2*v + 3 - v**2. What is c(5)?
6
Let v be (2/7)/((-5)/(-70)). Suppose v*i = -i + 25. Suppose 0*s + 5*s + 36 = 3*u, -4*s = -i*u + 34. Let g(l) = -l**3 - 5*l**2 + 6*l + 3. Calculate g(s).
3
Let a be 18/15*(-235)/141. Let b(y) be the second derivative of -2*y**3/3 - y**2/2 + y. Determine b(a).
7
Let x(f) be the second derivative of f**4/12 - f**3/2 - f**2/2 + 6*f. Let k = -104 - -110. Determine x(k).
17
Let x(y) = -2*y**3 + 6*y**2 + 5*y + 6. Let t(j) = 3*j**3 - 8*j**2 - 6*j - 9. Let q(i) = 3*t(i) + 4*x(i). Determine q(3).
30
Let n(q) = -7*q**2 + 9*q + 3. Let u(z) = -24*z**2 + 26*z + 10. Let m(w) = -7*n(w) + 2*u(w). What is m(9)?
-19
Let c(k) = 32*k**2 + 5 - k**3 - 4*k - 32*k**2 - 6*k**2. Give c(-6).
29
Let y(a) = 1 + 0 + 6 + 9*a + a**2. Let n(f) = f**3 - 28*f**2 + 27*f + 4. Let z be n(27). Let l(u) = u + 1. Let g(x) = z*l(x) - y(x). Give g(-5).
-3
Let u(w) = -15*w + 1. Let p(z) = 31*z - 2. Let i(g) = 3*p(g) + 7*u(g). Let f(s) = -2*s - 28. Let v be f(-16). Suppose 6*b - 10 = -v. What is i(b)?
-11
Let c be -2 + 5 - 0/3. Suppose -j + c*j = -2. Let p(u) = 2*u**3 + 5*u**3 - 6 + 6. Calculate p(j).
-7
Let v be (-858)/(-363) - 4/11. Let c(s) = -2*s**3 + 2*s**2 - s + 0*s**3 + 5*s**3 - 3*s**2. What is c(v)?
18
Let i = 11 + -7. Let s(t) = -2 + 9 - 1 - 5 + t**3 - 8*t**2 + 7*t. Let q(k) = -k**2 + k + 1. Let m(c) = i*q(c) - s(c). Give m(4).
-9
Let a(u) = -2*u**2 - 4*u + 3. Let l be a(2). Let p = -12 - l. Let o be p*2 + (8 - 8). Let m(k) = -3*k - 1. Give m(o).
-7
Let s = 0 + -2. Let z be (10 - 52)/(6/(-8)). Let j(p) = 55*p + 6 - z*p - 7. Calculate j(s).
1
Let b be (1 - -1) + 39/1. Suppose 0 = 5*i - 4*n + b, -2*i = -8*n + 4*n + 26. Let j(a) = -a**3 - 5*a**2 + 3*a + 1. Determine j(i).
-14
Let t(v) = v**2 + 6*v - 284. Let r be t(-20). Let q(c) = 4*c + 10. Calculate q(r).
-6
Let k = -273 - -280. Let l(w) = 3*w - 6. Give l(k).
15
Let k = -17 + 1. Let l = 15 + k. Let m = 1 + l. Let n(f) = -f**2 - f + 7. Determine n(m).
7
Let x(i) = -22*i**2 + i - 1. Let d(q) = 2*q + 26. Let j be d(-13). Suppose 0 = 2*a - 3*m - 0*m - 17, j = m + 5. Give x(a).
-22
Let t = -39 - -32. Let q(b) be the third derivative of -b**7/5040 - b**6/90 - b**5/30 + 3*b**2. Let i(x) be the third derivative of q(x). Give i(t).
-1
Let l(c) = -c**2 - 2*c + 1. Suppose 0 = 2*o - 7 - 1. Suppose -7*v - 40 = o*f - 3*v, -5 = v. Calculate l(f).
-14
Let c(m) = -m**3 + 5*m**2 - 2*m + 4. Suppose 5*t - 5*q - 5 = 0, -3*t - 4*q - 1 = -6*q. Let g be t/9*30/(-4 - -2). Determine c(g).
-6
Let s(q) = q**3 + 5*q**2 - 8*q - 8. Let i = 19 - 25. Let k be s(i). Let z(b) = -4*b + 10. Let c(h) = h - 3. Let t(u) = k*z(u)